se -3*u = 0, g = -5*u + 3 - 2. Determine b(g).
1
Let f be 0 + 1 + 5*16/80. Let s(b) be the first derivative of b**f + 3*b + 1/4*b**4 + 6 + 1/3*b**3. What is s(-2)?
-5
Suppose 1 = -3*i + 2*i. Let z = 27 + -26. Let t(u) = 15*u - z - 7*u**3 - 17*u + 1 - 1. Calculate t(i).
8
Let z(h) = -2 + 2 - 6*h**2 - h**3 + 3. Let r(x) = -x**3 - 21*x**2 - 54*x - 6. Let d be r(-18). Calculate z(d).
3
Let h(u) = -3*u**2 - u. Let z(f) = f**2 + 13*f + 27. Let y be z(-11). Let j = y - 7. Calculate h(j).
-10
Let b(a) = a**2 + 15*a - 6. Let t be b(-15). Let d(w) = 5*w + 33. Let r be d(t). Let m(z) = z**3 - 4*z**2 + 3*z + 4. Give m(r).
4
Let m(r) be the first derivative of -1/3*r**3 - 3/2*r**4 + 0*r + 0*r**2 - 2. Let z be (6/9)/(2/(-3)). Determine m(z).
5
Let a(b) = -b**2 - 17*b - 25. Let y be a(-10). Let o = y + -38. Let h(g) = 4*g - 5*g - 1 + 0 + 7. Give h(o).
-1
Let i(l) = -5*l + 4. Let q(h) = h - 1. Let z(c) = -i(c) - 2*q(c). Suppose 30 = -6*f + 11*f. Let m be (9/f)/(6/(-16)). Calculate z(m).
-14
Let y = -10 - -6. Let q(w) be the first derivative of -w**2 - 5*w + 11869. Calculate q(y).
3
Let z(k) be the third derivative of -k**4/24 - 2*k**3/3 + 2*k**2 - 2. What is z(-3)?
-1
Let k(s) = s**2 - 8*s + 6. Let o = 278 - 270. Determine k(o).
6
Let f be (-5)/(-2) - ((-45)/10)/(-3). Let s(t) = -14*t**2 - 7*t**2 - 5 + 6 - 2*t + t. Give s(f).
-21
Suppose -327 + 97 = -5*p - 5*m, 0 = -3*p + 4*m + 166. Let r = p + -44. Let z(j) = -j**3 + 5*j**2 + 9*j - 7. What is z(r)?
11
Suppose -5*m + 11 + 20 = -4*p, 2*m + 3*p + 6 = 0. Let f(a) = -17 + 64 - 24 - 20 - 2*a. Let j(h) = h - 1. Let x(r) = -4*f(r) - 9*j(r). Give x(m).
-6
Let b(d) = -42121*d**2 + 42103*d**2 + d - d**3 + 21 + 0*d**3. Determine b(-18).
3
Let a(h) be the third derivative of -h**7/2520 - h**6/240 - h**5/60 + 2*h**2. Let n(s) be the third derivative of a(s). Suppose -l + 0 = 3. Give n(l).
3
Let f(i) = 14*i**3 + 11*i - 14. Let y(b) = 5*b**3 + 4*b - 5. Let o(d) = 6*f(d) - 17*y(d). Let v be o(1). Let l(n) = n + 1. Determine l(v).
-1
Let a(i) = i + 1. Let p(f) = -9*f - 6. Let s(w) = 4*a(w) + p(w). Suppose -4*l + 49 - 37 = 0. Determine s(l).
-17
Suppose 27*g = 92 - 227. Let c(z) = -z**3 - 7*z**2 - 7*z. Calculate c(g).
-15
Suppose 4 = b, 0 = -3*r + b + 26 - 9. Let t(o) = r*o - 5 + 2 - o**2 - 4 + 2. Calculate t(6).
1
Let l(o) = 3*o. Let n(f) = 4*f + 1. Let k(b) = 5*b. Let y(p) = -3*k(p) + 4*n(p). Let i be y(-2). Let a(x) = -2*x + 2. Let m be a(i). Calculate l(m).
-6
Suppose 4*n = 4, 0 = 5*l - 2*n - 27 - 26. Let z(m) = 14*m - 14 - 13*m + l. What is z(0)?
-3
Let m(n) be the second derivative of n**5/20 - 2*n**4/3 + 13*n**3/6 - 13*n**2/2 + 30*n. Let g be m(6). Let s(a) = 10 - 2*a - 4*a - a**2 + 0*a. Give s(g).
3
Let z(n) be the third derivative of -n**6/120 + n**5/12 + 7*n**3/6 + 4*n**2 - 2. What is z(6)?
-29
Let f(r) = r**2 + r - 7. Let k = -28 - -35. Suppose 0 = -k*x - 26 - 16. What is f(x)?
23
Let d(q) = -q - 5. Let m be d(-7). Let k(p) = 24*p - 3. Determine k(m).
45
Let u(g) be the third derivative of g**6/120 + g**5/12 - g**4/3 - 2*g**3/3 + 103*g**2. Let y be (-3 - -4)*(1 + 0). Let d = -5 - y. Give u(d).
8
Let v(b) = 7*b - 2. Let r(y) = -y + 1. Let w(i) = 6*r(i) + 2*v(i). Suppose -38 = -0*u + 19*u. Calculate w(u).
-14
Let u be (2 - -1)*47/3. Let n = -42 + u. Let b(f) = f + 7. Calculate b(n).
12
Let r(b) = -b + 12. Let a be r(7). Suppose 3*q = w - 2, 4*q - q = -a*w + 100. Suppose -4*m + 3*d + w = -5*m, 0 = -3*d - 15. Let z(x) = 5*x + 1. Calculate z(m).
-9
Let j(h) = -h**2 + 6*h + 6. Suppose 0 = -7*p + 19*p - 96. What is j(p)?
-10
Let u be 0 - ((0 - 0) + -3). Let p(d) = -d**3 + 24*d**2 + 8*d - 5. Let y(s) = -s**3 + 21*s**2 + 7*s - 4. Let n(k) = -6*p(k) + 7*y(k). Determine n(u).
5
Let g be 4/(-14) + (-90)/(-21). Let w(a) = a**2 - 3*a - 7. Determine w(g).
-3
Let q(k) = -k**2 - 10*k + 17. Let p be q(-12). Let h(f) = -f**3 - 8*f**2 - 11*f - 5. Determine h(p).
23
Let r(g) = 30*g**2 - 2*g - 1. Let v be 1/(3 - 11 - -7). Give r(v).
31
Let b(d) = -3*d + 10. Suppose -15*l + 16*l - 4 = 0. Let g be b(l). Let o(a) = 4*a + 1. What is o(g)?
-7
Let o(c) be the second derivative of c**4/12 + 4*c**3/3 + 25*c**2/2 + 2*c + 695. What is o(-9)?
34
Let i(z) = -88*z**3 + z**2 + 189*z**3 - 92*z**3. Let p = 5 - 6. Give i(p).
-8
Let o(y) = y - y - 2*y + 0*y. Calculate o(3).
-6
Let m(t) = 10*t**2 + 6*t - 11. Let s(x) = x**3 - 18*x**2 - 10*x + 19. Let l(h) = 7*m(h) + 4*s(h). Calculate l(1).
3
Let v(q) = q**2 - 14*q - 45. Let b(s) = -s**2 + 15*s + 49. Let c(f) = 2*b(f) + 3*v(f). Give c(15).
8
Let s(w) be the second derivative of 0*w**3 + 0 - 5/12*w**4 + 0*w**2 - 5*w. Let i(v) = v**2 + 3*v + 3. Let y be i(-1). Determine s(y).
-5
Let p(s) = 8*s - 12. Let d(w) = -21*w + 24. Let y(b) = -2*d(b) - 5*p(b). Let g be -10 + (-2 - -2) + 1. Determine y(g).
-6
Suppose -3*t - 5 = 1. Suppose 27 = 5*k + 17. Let h(y) = -1 + 2*y + 14*y**k - 12*y**2 + 11*y**3 - 10*y**3. Calculate h(t).
-5
Let l(g) = g - 1. Let t(y) = 9. Let a(q) = q**3 - 20*q**2 + q - 23. Let j be a(20). Let n(z) = j*l(z) - t(z). Determine n(-4).
6
Let l(v) be the second derivative of -v**4/6 + 3*v**3 + 7*v**2/2 + 264*v. Give l(9).
7
Let z(f) = -f - 11. Let g = -37 - -28. Let v be (-56)/9 - 2/g. Give z(v).
-5
Let p(a) = -113*a + 224. Let g be p(2). Let u(b) = b**2 + 3*b + 3. What is u(g)?
1
Let n be 1*4 + (-154)/11. Let o be ((-4)/10)/(1/n). Suppose 4*c - 35 = -5*g, -11 = -o*c + 2*g + g. Let j(s) = -s**2 + 6*s - 1. Determine j(c).
4
Let z(t) = t + 4. Let a(x) = -10*x**3 - 3*x**2 + 6*x - 2. Let y be a(2). Let g = y + 75. Calculate z(g).
-3
Let a(d) be the first derivative of d**3/3 - 5*d**2/2 - 7*d + 2. Let y(j) = 1. Let p(c) = -c - 6. Let q(g) = -p(g) - 3*y(g). Let s be q(3). Give a(s).
-1
Let m(y) = -y**3 - 10*y**2 + 10*y - 23. Let k = 986 - 997. Determine m(k).
-12
Suppose -9*s + 7*s + 6 = 0. Let m(g) be the third derivative of -g**5/60 + g**4/24 + g**3/2 + 2*g**2. What is m(s)?
-3
Let u(d) be the second derivative of -d**4/12 + 11*d**3/6 - 16*d**2 + 4*d. Let y be u(6). Let a(i) = -i**3 - 3*i**2 + 3*i + 3. Calculate a(y).
-7
Let x(q) = 35*q - 68. Let b(o) = 78*o - 137. Let v(k) = -4*b(k) + 9*x(k). Determine v(20).
-4
Let i(o) = o - 3. Let t(l) = -2*l + 9. Let b(q) = -3*i(q) - 3*t(q). What is b(5)?
-3
Let u be (-18)/9*(-35)/(-14). Let c(r) = 6*r**2 + 4 - 2*r**3 + 4*r**3 - r**3 + 4*r. What is c(u)?
9
Let p = 9 + -3. Let c(x) = -4*x**2 + 12*x + 32. Let y(v) = -v**2 + v + 12. Let a(d) = -c(d) + 3*y(d). Give a(p).
-14
Let o(d) = d + 1. Let q(j) = -j**2 + 18*j + 110. Let p be q(-5). Give o(p).
-4
Let t be ((-3)/1 - -5)*6. Suppose 4 = -t*f + 28. Let w(v) = -3*v - 2. Determine w(f).
-8
Let a = -718 + 703. Let r(z) = z + 15. What is r(a)?
0
Let x(f) = -4*f**3 - 10*f**2 - 9*f + 5. Let o(c) = -3*c**3 - 9*c**2 - 8*c + 5. Let b(k) = -5*o(k) + 4*x(k). Let y = 384 - 379. Give b(y).
15
Let m(x) = -x - 17. Let s be m(-19). Let r(b) = s*b**2 + 3*b**2 - 7*b**2 - 4 + b + b**2. What is r(4)?
-16
Suppose -4*k + 32 = -5*x, k - 3*x = x + 19. Let h(c) = c**3 + 2*c**2 - 2*c - 2. Let l(p) = -p**3 - 2*p**2 + p + 2. Let v(b) = k*h(b) + 4*l(b). Give v(-2).
6
Let p be ((-336)/(-140))/((-3)/(-70)). Let h = p + -50. Let f(v) = -v**2 + 6*v + 2. What is f(h)?
2
Let k = -25 - -37. Suppose -j - j + k = 0. Let z(y) = y**2 + 6*y - 6 - 2*y**3 + 4*y**2 + y**3. Calculate z(j).
-6
Suppose 11*k = 4*k - 826. Let t = 115 + k. Let i(l) = l**3 + 3*l**2 + 2. Determine i(t).
2
Let u(z) = z**2 + 6*z. Let d be (-20)/(-4)*(5 + -4)/(-1). What is u(d)?
-5
Let n(m) = m**2 - m + 2. Let j(k) = 4*k**2 - 2*k + 12. Let c(g) = -j(g) + 5*n(g). Give c(3).
-2
Suppose -c + 6*q - 11*q = -25, -3*c - 3*q + 27 = 0. Let t(n) = -n**3 + 7*n**2 - 6*n - 6. Calculate t(c).
14
Let i(d) be the first derivative of -d**6/120 + d**5/10 + d**3 - 17*d**2/2 + 6. Let r(q) be the second derivative of i(q). Calculate r(6).
6
Let m(v) = v**2 - 3*v - 5. Let g = -50 + 55. Calculate m(g).
5
Let r be -4 + 3 - 8/(-4). Let v(m) = -307*m - 4 - r + 308*m. Calculate v(5).
0
Suppose 0 = 8*r + 12*r - 333 + 313. Let h(q) be the third derivative of -5*q**4/24 - q**3/6 - q**2. What is h(r)?
-6
Let r(m) = -2 - 66*m + 27*m + 47*m. Give r(2).
14
Let h be (-1)/((12/(-144))/((-2)/12)). Let x(z) be the first derivative of -z**4/4 - z**3/3 + z**2 - z - 1. What is x(h)?
-1
Let h(l) = -l**3 - 4*l**2 + 2*l - 5. L